5*v = -3*h + 92. Suppose -3*u + 4*w - 16 = 0, 0 = 5*u + 3*w + h + 41. Let c = u + 49. Is c composite?
False
Let g(z) = -11*z - 5. Is g(-8) composite?
False
Is 1/3 + (-664)/(-6) prime?
False
Let l(h) = 30*h**2 - 16*h + 21. Is l(7) prime?
False
Let v be (-2)/6 + 122/(-3). Let p = 273 + -153. Let g = p + v. Is g composite?
False
Suppose 2*j + 4 = 28. Let f(z) = 4*z - 10. Let t be f(j). Let k = t - -17. Is k a prime number?
False
Let u = 9 - 5. Suppose 2*l = 5*n + 69, -9 - 32 = -l - u*n. Is l prime?
True
Let s = -169 - -258. Is s a prime number?
True
Let p = -177 - -300. Let u = p + 250. Is u a composite number?
False
Let k(l) = -l**3 - 2*l**2 - 5*l - 3. Is k(-5) a composite number?
False
Let t(n) = -n**3 - n**2 - n - 123. Let l(q) = -q**3 - q**2 - q - 124. Let j(o) = 4*l(o) - 5*t(o). Is j(0) a composite number?
True
Is (3 - -1) + 2318 - 1 prime?
False
Suppose -5*k - 3*u + 19 = 0, 3*u - 14 = -5*k + k. Suppose 65 = 3*j - 5*n, k*j = -n + 166 - 11. Suppose 10*a - 5*a = j. Is a composite?
True
Let a be 1006/8 + 1/4. Suppose 0*b + 4*b + a = 2*h, b = h - 64. Suppose -y + h = -84. Is y a composite number?
False
Let y be (162/(-4))/((-3)/4). Suppose -a + 0*a = -y. Suppose 5*s = a + 116. Is s a prime number?
False
Suppose -374 = -n - n. Is n composite?
True
Let h be (-3*6/(-9))/(-2). Is (14*(-3)/6)/h composite?
False
Let r = 264 + -116. Suppose r = 6*f - 2*f. Is f a composite number?
False
Let y be (-215)/(-4) + (-4)/(-16). Suppose -4*g - 44 = -4*d, 7*d + 4*g = 4*d + y. Is d composite?
True
Let n = -6 - -18. Suppose 10 = -c - 2*p, -4*p + 0 = n. Is 381/2 + (-2)/c a composite number?
False
Suppose -4*p + 2368 = 4*a, 0*p + p - 612 = -5*a. Is p a composite number?
False
Let a = 817 - 260. Is a a composite number?
False
Is 1594/(1 - (-2 + 1)) prime?
True
Let n(k) = -k. Let a be n(-1). Is (-76)/8*-2*a a composite number?
False
Is (49/28)/((-2)/136)*-1 composite?
True
Let k be (5 - -3) + (0 - 3). Let j = k + -2. Suppose -2*q = -j*q + 163. Is q a prime number?
True
Let w = 1551 + -1037. Is w composite?
True
Let w(n) = 15*n**2 - 16*n + 7. Is w(6) a prime number?
False
Let a(m) = 2*m**2 + 10*m - 6. Let t be a(-5). Is ((-2)/t)/((-9)/(-2997)) composite?
True
Let b(r) be the first derivative of 7*r**2 - 3*r - 10. Let f(t) = 5*t. Let y be f(1). Is b(y) a prime number?
True
Suppose 2*f + 3*l + 5 = -0*l, -2*l = 6. Suppose q = 2*q - f*h - 5, 4*h = -5*q + 11. Is q composite?
False
Is ((-28)/(-8) + -4)*-106 prime?
True
Let c(p) = -p**3 - 8*p**2 + 6*p - 8. Suppose 2*a + 18 = -0*a. Is c(a) a composite number?
False
Suppose -892 = -3*x - x. Let k = x + 104. Is k/6 + (-2)/(-4) prime?
False
Let v be -88*(1 + -2) - 2. Let c = v - 9. Is c prime?
False
Let w(b) = -b**3 - 4*b**2 + 4*b - 3. Let g be w(-5). Let n be (g/6)/(3/63). Is 6/(-2)*n/(-3) a prime number?
True
Let b be 6 - (0/2 + 2). Suppose 0 = -2*c + b*c - 16. Suppose -x + c = -15. Is x composite?
False
Let a be -3*2/(-3) - -2. Suppose 3*v = a*j - 244, -196 = -4*j + 5*v + 56. Suppose -j = -2*h - 5*o + 37, 0 = 4*h - 2*o - 226. Is h a prime number?
False
Let f = 439 - 230. Suppose -f = -3*w + 262. Is w a prime number?
True
Let a = 1 + 7. Suppose -4*t = -a*t + 76. Is t prime?
True
Let b(x) = -4*x**3 + 3*x - 9*x**2 + 0 + 0*x**3 + 3*x**3 - 5. Let j be b(-6). Let c = -66 - j. Is c a prime number?
False
Suppose 3*j - 874 = j. Is j a prime number?
False
Is (2/(-6))/(1/(-802 - -1)) a prime number?
False
Let d = 214 - -5. Is d a composite number?
True
Let i be 32/12*(-6)/(-4). Suppose -443 = -3*j - 0*u - i*u, -2*j + 282 = -4*u. Is j prime?
False
Let d(r) = 188*r**3 - 1. Is d(1) composite?
True
Let k(q) = 146*q + 1. Let n be k(2). Suppose 184 + n = 3*y - 2*j, 0 = 5*y + j - 795. Let u = -70 + y. Is u a prime number?
True
Let x(a) be the first derivative of 11*a**4/4 + 2*a**3/3 - a**2 - a + 3. Suppose -3*m + 11 = -5*q, -2*m = 5*q + 1 - 0. Is x(m) composite?
True
Let w(i) = i + 9. Let u be w(-5). Suppose -444 = -u*h - 2*n, -n - 549 = -5*h - 5*n. Is h prime?
True
Let l be (-2)/(-6)*(3 + 90). Suppose -5*q - l = -666. Is q a composite number?
False
Suppose 0 = 2*o - 1 - 7. Let u(d) = d**3 + 3*d**2 + 3. Let f be u(-3). Suppose -208 = -4*n - o*q, f*q - 219 + 14 = -4*n. Is n a composite number?
True
Let f be (-1)/(-2) - 30/12. Let i = f + 5. Suppose -441 = -i*x - 3*j, 5*j - 139 = -x - 0*x. Is x prime?
True
Let x(a) = -a**3 - 6*a**2 - 5*a - 9. Suppose -5 = -i, -2*g - 1 = -4*i + 7*i. Is x(g) prime?
False
Let c(k) = 5*k**2 + 6*k + 3. Let s be c(5). Let i = 221 + s. Is i composite?
False
Let r(p) = -p**2 - 5*p + 3. Let d be r(-5). Suppose 5*y = -3*m + 1472, 593 = 2*y + d*m - 6*m. Is y a composite number?
True
Is (-69)/18*-3*26 prime?
False
Let j be 0/1*(-1)/(-2). Let y(k) = -k**3 + 4*k**2 + 1. Let l be y(3). Suppose v - l = -j*v. Is v prime?
False
Let l = 747 + 214. Suppose 0 = -5*z - 3*b + l, 2 = -4*b + 10. Is z composite?
False
Let x(w) = 42*w**2 - 3*w + 1. Is x(-4) a composite number?
True
Let w be (-64)/(-14) - (-6)/14. Let l be (-2)/(-4) + 18/4. Suppose -3*k = l*y - 2*y - 30, -w*k + 50 = -y. Is k prime?
False
Is -2 + ((-1)/(-3) - 904/(-6)) composite?
False
Suppose 2*t - 6444 = 2*o, t - 5*o - 623 = 2603. Is t prime?
True
Let c be (-214)/(-10) + 2/(-5). Let q = -1 + 7. Suppose q = 3*a - c. Is a a composite number?
True
Let z(l) = -3*l. Let b be z(-1). Let o be 3*(1788/(-9))/(-4). Suppose -b*v = 2*r - 77, -r + 5*r + v - o = 0. Is r a composite number?
False
Suppose -227 = 4*q - 1103. Is q a composite number?
True
Let x = -374 + 800. Suppose 5*w - x = 59. Is w prime?
True
Let v(x) = x**2 + 2*x + 4. Let a(h) = 4*h**2 + 2*h + 7. Let j(i) = -8*i**2 - 4*i - 15. Let k(s) = -13*a(s) - 6*j(s). Let m be k(-1). Is v(m) a composite number?
False
Suppose 2*k = -5*j + 3617, -5*k = 2*j + 2015 - 11026. Is k a prime number?
True
Let a = 11 + -6. Suppose 0 = 2*l - 0*l + 3*d + 15, -a*l + 2*d = -10. Suppose -2*n - 15 = 3*i - 48, l = -4*n - i + 61. Is n prime?
False
Let z(x) = -x**2 + 11*x - 5. Let k be z(8). Suppose -4*d = -335 + k. Is d a composite number?
False
Suppose 2*x - 287 = 37. Let q = -97 + x. Is q a composite number?
True
Let p be 0*((-5)/2 - -2). Suppose p = -g - g + 2. Let s(q) = 47*q. Is s(g) a prime number?
True
Suppose l = -3*l - 4*k + 1448, -4*k + 4 = 0. Let c = 79 - -97. Let q = l - c. Is q composite?
True
Is (-3205)/(-10)*(17 + (-3)/1) prime?
False
Suppose 0 = -l - 2*y + 93 + 76, 4*l - 2*y - 716 = 0. Is l composite?
True
Is ((-466)/(-2))/((-3)/(-30)*2) a prime number?
False
Let k(m) = -4*m - 4. Let p be k(-3). Let f = p + -5. Is 48 - ((-9)/(-3))/f a prime number?
True
Suppose 5*h - 384 - 61 = 0. Is h composite?
False
Let z(x) = -x**3 - 7*x**2 - 12*x - 5. Is z(-6) a prime number?
True
Suppose -8*c + 4*c + 2956 = 0. Is c a prime number?
True
Suppose -2339 = -4*m - 3*w, 5*m + w + w = 2922. Let c = m - 381. Is c prime?
False
Suppose 361 = 4*y - 5*r - 147, 2*r = 0. Is y prime?
True
Let u(t) = -t**3 + 11*t**2 - 8*t - 5. Is u(9) a composite number?
True
Let n = 0 - -2. Let m be 215 - (-6 + 2 - -1). Suppose 3*l + m = 3*i + 2*l, 2*i + n*l = 156. Is i a prime number?
False
Let j(h) = 5*h**3 - h. Let t be j(1). Suppose t*u - 2*u = 12. Is u composite?
True
Suppose 5*r + 7 = -x - 6, -4*x + 5*r = -23. Let p(y) = 94*y - 3. Is p(x) a prime number?
False
Suppose w + 4*u + 0*u = 1491, 0 = 5*w - u - 7350. Is w prime?
True
Let t(k) be the third derivative of k**6/40 + k**5/20 + k**4/8 + 5*k**3/6 - 2*k**2. Is t(4) prime?
True
Suppose 0 = -2*m - 2*m + 12. Suppose 0 = m*s + s - 124. Is s prime?
True
Suppose 0 = -4*g + 12, 0 = -5*h - 3*g - 0*g + 1564. Is h a prime number?
True
Suppose 0 = 5*s - 2*s + 4*k - 624, k + 215 = s. Let x = 11 + -8. Suppose s = x*l + l. Is l prime?
True
Is -2 + (-286)/((-2)/1) composite?
True
Let i(a) = 23*a**3 - a**2 + a. Let l = 4 + -3. Is i(l) composite?
False
Suppose -4*u + t - 26 = -0*t, 0 = 2*u + t + 10. Let p be (-2)/u - (-168)/9. Let w = -8 + p. Is w a prime number?
True
Let d(n) be the first derivative of n**4/4 - 14*n**3/3 + 15*n**2/2 + 9*n + 4. Is d(13) a composite number?
True
Suppose 3*v + 180 = 27. Let h(i) = -2*i**3 - 6*i**2 - 2. Let q be h(-5). Let n = v + q. Is n composite?
False
Let g(x) = x**2 - x. Let h be g(2). Suppose 4*l + 2*i = 36, -2*l + 6*i = h*i - 8. Let z(s) = 6*s - 10. Is z(l) a prime number?
False
Let i be (1 + 0